- -2) + -11 + (9 - -22) + -25.
-5
Evaluate 6 - (-16 + (-6 - 2)).
30
Evaluate -64 + (27 - 17 - -26).
-28
Evaluate (-45 - -13) + 35 - (-1 + 19).
-15
Calculate -44 + -9 + -5 + 36.
-22
(-2 - (-17 - -3)) + -6 + -19
-13
What is 3 - (2 + 0 - -8)?
-7
What is -32 + 30 - ((-6 - -11) + 2)?
-9
-13 + 32 + -10 - 19
-10
Calculate 6 - -3 - (-8 - 1) - 6.
12
11 + 18 + -43 - -35
21
What is 5 - (-17 + 30 + -17)?
9
What is (-32 - (-29 - -9)) + 18 + -5?
1
Calculate 21 + (-7 + -13 - 10).
-9
What is -3 + 15 + (5 - 5 - 8)?
4
(-3 - (-9 + -21)) + -5
22
What is the value of 28 - (11 + 2) - 9?
6
Calculate (-1 - 8) + (-128 - -125).
-12
-3 + (-18 + 10 - -45 - 14)
20
Calculate 11 + -23 + (-5 - -6).
-11
-148 + 131 + -1 + 7
-11
What is the value of -1 - (6 - ((69 - 8) + -18))?
36
What is 21 - 25 - 2 - -16?
10
What is 8 - ((11 - 22) + 3 + (6 - -3))?
7
What is the value of (-1 - (27 - 14)) + -10 - -4?
-20
Calculate (-25 - -6 - -16) + 17.
14
What is (-1 - (-6 + 15)) + (12 - 6)?
-4
What is 30 - (16 - -10) - -18?
22
What is (0 - (-17 - -37)) + (-1 - -2 - 0)?
-19
Evaluate 4 + 17 + -14 + 5.
12
Evaluate 16 - (18 - (-16 + 9 + 16) - 11).
18
Calculate -11 - (22 - (-2 + 14)).
-21
What is the value of (5 - 7) + -10 - (-1 - (-8 - -10))?
-9
What is the value of 1 + (2 + -3 - 0) + (-61 - -75)?
14
9 + -38 - (-17 + 1) - (-1 - -2)
-14
What is the value of 78 + -59 - (-1 - -43)?
-23
What is 2 + 2 - (-3 - -17)?
-10
-19 - 4 - (-53 - -52)
-22
-37 + 6 + 34 + -10
-7
Calculate 22 - (-15 - (31 - 54)).
14
What is the value of (-1 + -11 - (-2 - -3)) + -3?
-16
Calculate 9 + -12 + 11 + (-12 - -2).
-2
Evaluate -2 + (3 - (3 - 0)) - (-1 + 3).
-4
What is 0 + (4 - (-18 - (2 + -8)))?
16
Evaluate -15 - (-6 - 5) - 8.
-12
What is the value of 7 - (-1 - (-2 - 15))?
-9
(1144 - 1115) + (2 - 23)
8
What is the value of -6 + 7 - ((-6 - 4) + -6)?
17
Evaluate 8 - 6 - 3 - 11.
-12
What is (569 - 560) + (-1 - 24)?
-16
Calculate (-12 - (-16 - -14)) + 2 + (-14 - 2).
-24
Evaluate (-8 + 10 + 0 + -2 - -6) + -11.
-5
What is the value of (2 - -16) + (28 - (38 - 3))?
11
Calculate 21 + -4 + -1 - 6.
10
Evaluate 8 - (15 - (8 + 4)).
5
Evaluate (26 + -33 - (-7 + 1)) + 20 + -6.
13
Calculate 33 + -33 - (6 - (-2 - 4)).
-12
What is 1 - (12 - 18 - -14 - 5)?
-2
Calculate -132 + 119 + 2 + 8.
-3
Evaluate 7 + (-4 - (-11 + 11 + 19)).
-16
Calculate 1 + -5 + (-2 + 0 - -3) + -2.
-5
What is -2 + 6 + -3 + (4 + -2 - -1)?
4
Calculate -7 - (1 - 1) - (-1096 + 1087).
2
What is -3 + (14 + -8 + 0 - 30) + 10?
-17
What is -18 + 0 - -15 - -8?
5
What is the value of 1 + -2 - (38 - 4 - 32)?
-3
What is the value of 2 + 0 + (-252 - -263) + (-5 - 0)?
8
Evaluate 5 + (4 - 16) + 14.
7
What is (8 - -15 - 25) + (1 - 2)?
-3
What is the value of -5 + 0 - (-18 + -2 + 42 + -19)?
-8
What is 3 + (7 - 4) + (-48 - -43)?
1
What is -2 - -2 - (-36 + 33 - -10)?
-7
Calculate (0 - 5) + (4 - 1 - (58 + -52)).
-8
Evaluate (-56 - -63) + (5 - (13 - (4 - 2))).
1
What is the value of (8 + -12 - 2 - (4 - 4)) + 4?
-2
What is the value of -48 + -37 + 50 + 20?
-15
Evaluate (-17 - (-23 - -17)) + -22.
-33
What is the value of -4 - ((-1 - -5) + -13 + 20 + -19)?
4
Evaluate 26 + (-9 + 12 - 5 - 2) - 2.
20
What is -25 + 17 + 26 - 26?
-8
Calculate -5 - (-6 - (1 + (-2 - (-3 + 2)))).
1
Evaluate 17 - (6 + -4 + 7) - 20.
-12
What is (0 - (4 - (6 - 1) - 6)) + 3?
10
What is the value of 26 + -4 + -4 + -9?
9
What is -9 + (20 - (2 - -8)) + 14?
15
3 + 1 + 9 + 16 + -29
0
Calculate 11 - (61 + -3 + -36).
-11
Evaluate 1 - (42 + -40 + 1 + 3 + 3).
-8
9 + 5 + (-11 - (-2 + -14))
19
What is the value of -1 + -14 + 18 - 23 - -13?
-7
What is -18 - (-102 + 105 + -11 + (-3 - -4))?
-11
What is the value of -11 + 3 + 3 - (-7 + -9 + 27)?
-16
What is -1 - -7 - (-4 - -6) - (16 - 9)?
-3
Evaluate 15 - (-3 - -14 - 20).
24
4 - (-11 + (0 - -16))
-1
-3 - -9 - (32 - 34)
8
Evaluate -34 - -11 - 0 - -10 - -9.
-4
Evaluate 2 - (24 - 51) - 23.
6
What is the value of -10 + 6 + 5 + -3 - (-10 + -1)?
9
What is 0 - 3 - (-5 + 2 + 6) - 5?
-11
0 - 5 - ((-16 - -20) + -15)
6
Calculate (10 - (-7 - -1)) + -18.
-2
What is the value of -146 - -137 - (3 + 3 + -40)?
25
What is 725 + -755 - (-41 + 1)?
10
What is 3 + -9 + 17 + (-10 - 5)?
-4
What is the value of -20 + 20 + 18 + (13 + -3 - 3)?
25
What is 8 + -1 - (-479 + 492)?
-6
What is (-13 - 0) + (0 - ((-9 - -11) + -9))?
-6
7 + 22 + -26 + 6 + 2 + 0
11
Evaluate 12 - (7 + -7 + 0 - -10).
2
Evaluate (14 + 2 - (13 - 6 - 14)) + -9.
14
Evaluate 0 + 5 - (12 - 7).
0
Evaluate -11 - (-13 + -2 + (80 - 96)).
20
Calculate (-12 - 28) + 21 + 1 + 1.
-17
What is the value of (23 - 26) + 0 + 2 + 23 + 6?
28
Calculate (222 - 219) + (-1 + 8 - (-1 + 1)).
10
What is the value of -34 - (29 - (-11 - -87))?
13
What is -1 - (-5 - -10 - 15) - 15?
-6
What is -2 - 25 - (22 - 54)?
5
(32 - 12 - 26) + -3 + (2 - 8)
-15
What is 10 + -46 + 14 + 35?
13
Evaluate 9 + 2 + -5 - -1.
7
What is the value of -74 + 84 + (4 - 1) - (-7 + 10)?
10
Calculate (-22 - (-24 + 26)) + 10.
-14
Evaluate (116 - 66) + -44 - (13 + -1).
-6
Evaluate (-2 + 11 - (22 + -2)) + (-6 - -49).
32
Calculate 0 - 1 - (-8 + 6) - (-18 - -9).
10
What is 1 - (-14 + 3 + 0 + 4)?
8
33 + -37 - (1 + (0 - 9) + -2)
6
Calculate -19 - (33 - (19 + 38)).
5
What is (38 - 32) + (1 - 10) - -7?
4
What is (-9 - 17 - -12) + 15?
1
Calculate -444 + 446 + (-2 + 15 - -1).
16
What is the value of (-1 - (-11 + -1)) + -600 + 574?
-15
What is the value of 7 + -2 + 0 - (3 - -5)?
-3
What is 27 + 6 + (-55 - 7)?
-29
10 + -28 + 10 - -31
23
What is the value of (19 - 15) + (-3 - -5 - 5) - 8?
-7
What is -31 + 38 + -31 - 2?
-26
-68 + 50 + (-6 - -9)
-15
13 - (-3 + -16 + 5 + 9)
18
Calculate -35 - (25 + (-9 - 37)).
-14
Evaluate (-49 - (-51 + 2)) + 2 + -2.
0
What is the value of (27 + -22 - -7) + -14?
-2
What is -18 + (17 - (-14 + (6 - 0)))?
7
-198 + 213 - (0 - (-10 - -1))
6
Evaluate -12 - (-7 + -9) - (-2 - -12).
-6
Calculate -12 - -12 - 6 - (-4 + 0 + -2).
0
What is (-27 - -22) + 3 + (-2 - -8)?
4
What is 21 + 0 - 8 - -12?
25
What is 7 + (-19 - -10) - 23?
-25
Calculate (0 - (1 + -2 + -3)) + 3 + 4.
11
-3 - -3 - (48 + (0 - 14) - 5)
-29
Evaluate 91 + -114 + -2 + 5.
-20
6 + -10 + -7 + -3 - (8 - 12)
-10
(-12 - 3) + (-19 - -26)
-8
Calculate -41 + 109 - 61 - (-2 - -44).
-35
Calculate -9 - (1 + -51 + (-211 - -225)).
27
What is the value of -13 + (-6 - 2) + (-5 - (-12 - -9))?
-23
What is the value of (-23 + 11 - -7) + (-8 - (3 - 5))?
-11
(-8 - -15 - 11 - -3) + 4
3
What is the value of -7 + (22 - 11 - 10) + 3?
-3
What is the value of 18 - ((19 - -3) + -16)?
12
What is the value of -85 - -75 - (3 - 15)?
2
3 + -5 - (7 + (-8 - -15) + -3)
-13
What is the value of (11 - 4) + (0 - 3) - (-75 + 74)?
5
2 - ((2 - 1) + -4 + (-10 - -4))
11
What is the value of 0 - (-8 + 21 + 22 + -15)?
-20
What is (8 + -21 - -2) + 6 + 0?
-5
Calculate 0 - (-9 + -1 + 3) - (18 - 23).
12
What is the value of -32 - (15 + (-107 - -32))?
28
What is the value of (7 - 2 - (-2 + (3 - -1))) + 3?
6
Evaluate (40 + -46 - (0 - 7)) + (1 - -6).
8
Calculate -10 - -3 - (2 + -3).
-6
What is (32 - (18 + -2)) + (-10 - 0) - 18?
-12
What is (50 - 60) + (-4 - (-4 + 8)) + 3?
-15
Calculate (-1 - (9 + (-5 - 6))) + -6.
-5
Evaluate 14 + -17 + 1 + 2 + -5.
-5
8 - (12 + -2 - -2) - (1 + -4)
-1
Evaluate -20 - (-11 + -18 - -15).
-6
(-200 - -201) + -1 + 19
19
What is 2 + -13 - (26 - (-25 - -57))?
-5
What is the value of 1 + -2 + (-17 - (4 - 24)) + -12?
-10
What is the value of -26 + 3 + (41 - 27)?
-9
-12 + -4 + -9 + (12 - 4)
-17
What is 0 + -1 + -1 - (9 + (-17 - -3))?
3
What is -10 + (-5 + (20 - 17) - (-9 + -1))?
-2
Calculate -9 + (71 + -63 - (-2 + 2 + 1)).
-2
Evaluate -33 + (7 - 9) + (19 - 0).
-16
-13 - (0 + 5 - (7 - 8 - 1))
-20
What is the value of -2 + -22 - (605 + -630)?
1
Evaluate 5 + 1 - (-1 - (1 + -1 - -2)).
9
-13 + 1 + 24 + -7
5
What is -3 - (3 + (-3 - 5) + 14)?
-12
What is the value of -16 - (-2 - 0) - (-131 + 132)?
-15
What is 3 + -25 + 26 - (2 + 2 + -2)?
2
Evaluate 14 + -5 + 29 + -43.
-5
Evaluate (-17 - -15) + 0 - (-6 + -1 + 2).
3
5 + (19 - 10) + (-2 - 1)
11
-12 - (-3 + 0 + 1)
-10
What is 4 - (0 + 5 + 1) - (5 + -4)?
-3
(59 - 77) + -2 + 6 + -3 + 5
-12
Calculate 75 + -77 + -3 + 16.
11
Calculate ((-2 - -4) + 4 - (6 - -8)) + -3.
-11
-1 + -22 + 26 + -7 - 17
-21
What is the value of 14 + 9 + 4 + (1 - 3) + 8?
33
What is the value of 64 - 75 - (0 + -4)?
-7
What is (14 - (13 - -10)) + (1 - 0)?
-8
